 Suppose 5*x + 3*l - 4 = 0, -v*l + 9*l - 6 = 0. Calculate the highest common divisor of x and 58.
2
Let v(f) = f**3 + 10*f**2 + 4*f. Let n = -106 - -163. Let z = -65 + n. Let u be v(z). Calculate the greatest common factor of 12 and u.
12
Let i = 269 + -228. Let q be (15/(-3))/5 + i/1. Calculate the highest common factor of 90 and q.
10
Let m(g) = -2*g + 17. Let x be m(6). Suppose -x*n + 28 + 47 = 0. Suppose 3*t - 2*r + 667 = 8*t, -520 = -4*t - 5*r. What is the highest common factor of n and t?
15
Let z(p) = 198*p + 1184. Let j be z(-5). What is the greatest common divisor of j and 873?
97
Suppose 5*a - n - 42 = 0, -5*a + 4*n = -41 - 7. Let f be (-3)/(12/16)*11/44 - -89. Calculate the highest common factor of a and f.
8
Let p(c) = -3*c**2 - 79*c - 144. Let n be p(-2). Suppose 4 = -5*g + 24. Let z be 33 + -1 - g - (n - 0). Calculate the greatest common divisor of z and 13.
13
Suppose 13*z - 7*z = 12426. What is the highest common factor of z and 38?
19
Suppose 15*o = -26253 + 26403. Calculate the highest common factor of o and 940.
10
Let j = 7387 - 6813. What is the highest common divisor of 560 and j?
14
Let n = -135 + 139. Suppose -8*r + 4*r - 5*a = -125, n*a = 20. What is the greatest common factor of 65 and r?
5
Suppose 12*j - 9*j - 75 = 0. Let g be (-30)/j*-5 - 4. Suppose g*s - 33 = -7. Calculate the highest common divisor of s and 65.
13
Let z = -1057 - -5152. Calculate the highest common factor of 130 and z.
65
Suppose -72114 = 1065*n - 1079*n. What is the highest common factor of 102 and n?
51
Let w(q) = -q**3 - 90 + 5*q - 18*q**2 + 26 + 10*q. Let c be w(-19). Calculate the greatest common factor of c and 28.
4
Suppose 0 = 15*d + 9029 + 2416. Let m = d + 993. Suppose 4*g - 368 = -0*g. What is the highest common divisor of g and m?
46
Let n be -1 - 3 - 4*21/28. Let f be (1/(-5))/(n/35). Calculate the highest common divisor of 29 and f.
1
Let t = 9534 + -9398. Calculate the highest common divisor of 4607 and t.
17
Let m be (-3 - -2)*(0 - 0). Suppose -h + 50 - 44 = m. Let o be (-52)/(-20) - ((-8)/(-5) + -1). Calculate the greatest common factor of h and o.
2
Let l = 5662 + -2997. What is the greatest common divisor of 260 and l?
65
Let t(i) = -2*i**3 - 7*i**2 - 12*i - 12. Let a be t(-4). What is the highest common divisor of a and 286?
26
Let t be (19 - 21) + -1 + 1 + 2. Suppose -4*r = -3*g + 353 + 26, t = 3*r + 2*g + 280. Let z = r + 358. What is the highest common divisor of 24 and z?
24
Suppose -141738 = -547*r - 10458. Let k = -2 - -3. Let z(x) = 23*x**2 + 2*x - 1. Let i be z(k). What is the greatest common factor of i and r?
24
Let h = -672 + 1005. Suppose h - 225 = 3*j. Calculate the greatest common divisor of 39 and j.
3
Suppose 0 = 17*x - 34*x + 820265 + 648. Calculate the highest common divisor of x and 43.
43
Let h(p) = 3*p**2 - 21*p - 62. Let f be h(-3). Calculate the highest common factor of 3346 and f.
14
Let y = 742 - 741. Suppose -x = 2*z - 19, y = -z + 2*x + 18. Suppose 5*j - 130 = 8*c - 4*c, -20 = 4*c. What is the highest common factor of z and j?
11
Let o(h) = -5*h + 221. Let z be o(39). Let i = -4 + 0. Let r be -1*i/(-1 - -3). What is the greatest common divisor of z and r?
2
Let b(y) = 5*y + 277. Let a = 108 + -161. Let r be b(a). Calculate the greatest common factor of 18 and r.
6
Let t(c) = -115*c - 2425. Let q be t(-22). What is the greatest common divisor of 465 and q?
15
Let y(m) = m**3 + 16*m**2 + 65*m + 347. Let f be y(-13). What is the greatest common divisor of f and 3060?
9
Let g = 62 + 45. Let k = g - 39. Suppose 4*t = -4*w - 0*w + k, t = 2*w + 2. What is the highest common factor of 9 and t?
3
Let o = 1978 + -1824. Calculate the greatest common factor of o and 198.
22
Let v = 6515 - 6305. Calculate the highest common factor of v and 770.
70
Let t = 11745 + -11641. Calculate the greatest common factor of 5941 and t.
13
Suppose -14*t + 36*t = 4664. What is the greatest common factor of 1325 and t?
53
Let x(a) = a**2 - 5*a - 10. Let g be x(7). Let y = g + 5. Suppose y*p = 2*p + 175. Calculate the greatest common divisor of 200 and p.
25
Let g be 4/6 + 33/(-9). Let h(w) = 2*w**2 + w - 1. Let i be h(g). Let k be -4*343/84*-3. What is the highest common factor of k and i?
7
Suppose 0 = -5*n - 5*s + 23400, -6*n - 4712 = -7*n + 3*s. What is the highest common divisor of n and 144?
16
Suppose 2*b = 4*u + 90, -2*b + 5*b - 157 = -5*u. Suppose 4*c - b = 75. Let x = c + 1. Calculate the highest common divisor of x and 80.
16
Suppose 0 = -4*j - j + 60. Let i(w) = 24*w**2 + 14*w - 3. Let r be i(3). Let z be 1500/r - ((-4)/34)/1. Calculate the greatest common divisor of j and z.
6
Let t(n) = -2*n**2 + 55*n + 44. Let r be t(25). Let v = -162 + r. What is the greatest common divisor of v and 182?
7
Let m = -33 - -6. Let w = m + 60. Let g = 1653 + -1650. Calculate the highest common divisor of g and w.
3
Let s = 183 - 85. Suppose -s = -u + 4*i, 25*u - 28*u + 4*i = -254. What is the highest common factor of 24 and u?
6
Suppose -3*l + 0 = 15. Let x be (-3 - 1) + ((-2660)/7)/l. What is the highest common divisor of x and 8?
8
Let u(z) = 35 + 8 + z**2 - 17 + z**3 - z. Suppose 3*j = 9*j. Let w be u(j). Calculate the greatest common divisor of 52 and w.
26
Suppose 100 = 3*x - 2*u - 111, -3*x + 201 = 3*u. Calculate the highest common factor of x and 4209.
69
Suppose 237 = 2*r + h, -r - 2*h + 987 = 864. Let z = -124 + 241. Calculate the highest common factor of r and z.
117
Let a = 18435 - 18267. Calculate the greatest common factor of a and 38472.
168
Let l = 486 - 481. Suppose 120 = -l*r + 585. What is the highest common factor of 3 and r?
3
Let s(t) = 25*t + 19*t - t**2 + 146 - 137. Let o be s(30). What is the greatest common divisor of 117 and o?
39
Suppose 0 = -5*r - m + 694, -5*r + 12*m = 9*m - 718. What is the highest common divisor of r and 154?
14
Suppose -p - 9*b + 12*b = -112, 0 = p + b - 128. Calculate the greatest common divisor of 1829 and p.
31
Suppose 3*j = -2*g + 764, 4*j + g - 1149 = -137. Suppose s + 54 = -5*s. Let c = s + 45. What is the greatest common divisor of c and j?
36
Let c = 12487 + -7159. Calculate the greatest common factor of 72 and c.
72
Let x(i) = -i**3 - 51*i**2 + 282*i + 164. Let d be x(-56). Calculate the greatest common factor of 2496 and d.
52
Let k(o) = -2*o**2 - 31*o - 71. Let n be k(-13). Let q be -1*(n/30 + 108/(-10)). What is the highest common divisor of q and 176?
11
Let s be (-1050)/(-24) - (-2)/8. Let c(k) = -k**3 + 4*k**2 + 3*k - 6. Let n be c(4). Let z = n + -2. What is the highest common factor of s and z?
4
Let h be ((-20)/7)/(88/(-1848)). Let x(m) = -m**3 + 10*m**2 - 9*m. Let g be x(4). What is the greatest common divisor of g and h?
60
Let d(p) = p**3 + 14*p**2 - 8*p - 34. Let n be d(-13). Suppose -n*o - 5742 = -248*o. Calculate the greatest common divisor of 22 and o.
22
Let v be 4983/143 - (24/13 - 2). Let f be 1/((v/(-65))/(-7)). What is the greatest common factor of 13 and f?
13
Let p(z) = -882*z - 6086. Let r be p(-7). Calculate the greatest common divisor of 110 and r.
22
Let j(b) = 49*b**2 + 8*b + 3. Let u be j(-1). Let f = -1119 + 1251. Calculate the greatest common divisor of f and u.
44
Let l be (4/60*24)/((-4)/(-10)). Let t(w) = 454*w + 71. Let p be t(l). What is the greatest common divisor of 17 and p?
17
Suppose -39*f = p - 38*f - 54, 0 = 3*p - 3*f - 186. What is the greatest common factor of 1653 and p?
29
Suppose 5*o - 1375 = -385. Suppose 2*p + 78 = o. Let t be (-1)/((-304)/p + 5). Calculate the highest common factor of 15 and t.
15
Suppose -4*z = 12*y - 13*y - 16, -5*y - 8 = -2*z. Suppose y = 2*j - 148 - 602. Calculate the greatest common divisor of 225 and j.
75
Suppose 32*x - 321286 = 202298. Calculate the greatest common divisor of x and 404.
202
Let s be (14/(-6) - -1)*-54. Let w(k) = 8*k**3 + 123*k**2 + 38*k - 45. Let i be w(-15). What is the highest common factor of i and s?
12
Let x(i) = -i**3 + 8*i**2 + i + 2. Let w be x(8). Let d be ((-77)/22)/((-1)/w). Let s(m) = m - 7. Let q be s(14). What is the highest common divisor of q and d?
7
Suppose -5*y + 15 = -5*x, 2*y - 6*y + x + 12 = 0. Suppose -2*s = -y*k + 1320, -2*k - 5*s = -10*s - 880. Calculate the highest common divisor of 55 and k.
55
Let d be (169/(-4))/((-22)/176). Suppose -12*t = -d + 2. What 